= 5*h - 2 - h + h - 2*h. Calculate f(b).
16
Let o(l) = -13*l**2 - 10*l + 20. Let f(t) = 7*t**2 + 5*t - 10. Let i(z) = -11*f(z) - 6*o(z). Calculate i(-8).
14
Let n(a) = -a - 1. Suppose 6*b - 3 = 7*b. Let j(t) = t. Let w(i) = i - 2. Let h(d) = 3*j(d) - w(d). Let x(f) = b*h(f) - 4*n(f). Calculate x(2).
-6
Let y = -46 + 48. Let n(j) = 2*j + j - 2 - j + j**3 + j**y - j. Determine n(0).
-2
Let c(i) be the second derivative of -i**3 + 0*i**2 - 12*i + 1/24*i**4 + 0 - 7/120*i**5. Let z(q) be the second derivative of c(q). Give z(2).
-13
Let t = -4 - -3. Let n(s) = -3*s + 1. Let m(d) = 6*d - 1. Let l(j) = j. Let b(k) = -3*l(k) + m(k). Let r(q) = 3*b(q) + 2*n(q). Determine r(t).
-4
Let u(s) = 9*s**2 - 2*s + 1. Let x be 5 - 3 - (-3 - -35). Let h be (-1 + -2)*10/x. Give u(h).
8
Let l(i) = 2*i + 7*i + 6*i - 1 - 12*i**2 - 6*i - 10*i. Give l(-1).
-12
Let u(z) = -z. Suppose -2*d - 132 = -13*d. Suppose -4*o + 10*o = -d. Determine u(o).
2
Let y(c) = c**3 + 9*c**2 - 9*c + 48. Let d(t) = -t**2 + t - 1. Let q(i) = -8*d(i) - y(i). Give q(0).
-40
Suppose -6*r + 12 = -0*r. Let q(x) = -r*x + 9 - 14 + 6*x. What is q(6)?
19
Let y(n) = -2 + 7*n + 0 + 1 + 2. Let v = -8 + 11. Suppose m - 2*t + t = -1, -v*t = -5*m - 5. Give y(m).
-6
Let r = -104 + 118. Let y(w) = -r + 22 - 3*w**2 - 5*w + 2*w**2. Calculate y(-6).
2
Let b = -61 - -65. Let i(w) be the second derivative of w**3/6 - 41*w. Determine i(b).
4
Let i(y) = 2*y**3 + y**2 - y. Suppose -34 = -5*w + 3*h - h, 0 = 5*w + 5*h - 20. Suppose 6*k = -0*k + w. Give i(k).
2
Let a(g) be the first derivative of g**4/24 + g**3/3 + 13*g**2/2 + 4. Let u(o) be the second derivative of a(o). Give u(2).
4
Let m(w) = w**3 - 9*w**2 - 12*w + 16. Let j = 1030 + -1020. Determine m(j).
-4
Let j(c) be the second derivative of -c**3/6 - c**2/2 + 4*c - 11. Suppose 6*b = 4*b + 6. Let k = b + 0. What is j(k)?
-4
Let c(o) = 4 + 4*o - 2*o - 2 - 11. Determine c(6).
3
Let l(d) = 2*d - 19. Let y be l(9). Let j(q) be the third derivative of 0 - 1/30*q**5 + 0*q - 2*q**2 - 1/6*q**3 - 1/12*q**4 - 1/24*q**6. Determine j(y).
4
Suppose -5*s = 2*n + 15 - 4, 0 = 4*s + 3*n + 13. Let t(j) be the second derivative of 1/2*j**2 - 3 - 15*j + 7/6*j**3. What is t(s)?
-6
Let q(m) be the second derivative of -m**5/20 - m**4/3 + 7*m**3/6 + 4*m**2 + 245*m. What is q(-4)?
-20
Suppose 2*z + 3*t = 0, -5*z + t - 3*t = 0. Let c(m) = z*m**3 - 9 + 6*m**2 + m**3 + 2 - 2*m. Let x(u) = u - 6. Let j be x(0). Give c(j).
5
Let x(c) = -c - 4. Let f be x(-6). Suppose -92*n + 24 = -86*n. Let y(m) = -5 - n*m + 11*m**2 - 12*m**f - 2*m. Determine y(-4).
3
Let n(v) = -v**2 + 9*v. Let w be (-3 + 21/5)*(-80)/2. Let d = w + 52. Give n(d).
20
Let k(v) = 7*v**3 - 3*v**2 - v + 11. Let u(o) be the first derivative of 7/3*o**3 + 3 - 23*o + o**2 - 15/4*o**4. Let s(j) = -13*k(j) - 6*u(j). Determine s(-4).
7
Suppose 5*n + 5*d = 4*n + 2, 2*n - 4 = -5*d. Let y(l) = 9 + 0*l - n*l + 0*l + l. Determine y(10).
-1
Suppose -205 = -3*x - 5*d, 4*d + 32 + 8 = x. Let o = x + -59. Let k(v) = v - 1. Determine k(o).
0
Let w(l) = -l**3 + 8*l**2 + 6*l - 8. Suppose q - 20 = 4*x, 7*q + x = 6*q + 5. Calculate w(q).
40
Let w(u) = -u + 2. Let n = -36 + 68. Suppose -5*r + 7*r + q - 32 = 0, -2*r + n = 2*q. Suppose 4*x + 0*x = r. Determine w(x).
-2
Let l(x) be the second derivative of 3*x**2/2 - 3*x - 11. Let n(d) = d + 1. Let f(z) = -l(z) + 2*n(z). Determine f(2).
3
Let t be (39/(-9))/(2/12). Let i = 28 + t. Let l be (-5 - (i + -4)) + 2. Let p(f) = -4*f**2 - 1. What is p(l)?
-5
Let j(f) = f**2 + f + 1. Let v(s) = -s**2 - 15*s - 2. Let g(x) = -2*j(x) - v(x). Determine g(9).
36
Let n(q) = q**3 + 59*q - 73*q + 7*q**3 - 11*q**2 - 9*q**3. Calculate n(-10).
40
Let r(k) = -k**2 - 60*k + 330. Let f be r(-65). Let v(p) = -2*p**2 + 11*p - 20. Determine v(f).
-15
Let o(r) be the first derivative of 5/6*r**3 + 3*r + 1 + 1/2*r**2. Let w(v) be the first derivative of o(v). Give w(-2).
-9
Suppose 4*p = -3*p + 84. Let q = p + -13. Let a(n) = -9*n**3 - n**2 - n. Calculate a(q).
9
Let t(l) = -6*l**3 + l**2 - 1. Let k(q) = -6*q**3 + q**2 - 1. Let z(o) = -7*k(o) + 6*t(o). Calculate z(1).
6
Let c(u) = 52*u + 22*u - 73*u - 15. Determine c(21).
6
Let n(u) = 3*u + 12. Let v be n(-5). Let w = v + 3. Suppose -5*a = -15, a + 17 = -4*g - w*a. Let r(m) = -m**2 - 5*m + 6. Calculate r(g).
6
Let j(p) be the first derivative of 4*p**3/3 + 3*p**2 - 4*p - 47. Give j(-3).
14
Let z(o) be the second derivative of -o**5/20 - 5*o**4/12 + 4*o**3/3 + 11*o**2/2 + 35*o. Calculate z(-6).
-1
Let c(p) = -p - 4. Let d(y) = 3*y + 11. Let z(o) = -17*c(o) - 6*d(o). Let a(q) = -q + 8. Let s = -16 + 22. Let f be a(s). What is z(f)?
0
Suppose -53*u + 706 = -36. Let l(w) = -w**2 + 13*w + 23. What is l(u)?
9
Let g(o) = -7425 + 2*o - 7349 + 14771. Let x = 11 + -8. Suppose 3*f + 2*q = 8*f - 16, 0 = f - x*q + 2. What is g(f)?
5
Let a(r) = r**3 - 38*r**2 - 46*r + 278. Let p be a(39). Let s(q) = -8*q + 4. What is s(p)?
-36
Let r(u) = u**2 + 6*u - 5. Suppose -15*q - 889 + 769 = 0. Calculate r(q).
11
Let s(k) = -29*k**2 - 36*k**2 + 96*k**2 + 3*k + 2 - k - 28*k**2. Suppose -2*d = m - d - 3, -2*m = -3*d + 19. What is s(m)?
10
Let b(f) = -53*f**3 + 103*f**3 - 47*f**3 + 2*f**2 + 4 - 3 - 3*f. Determine b(1).
3
Suppose -36 = 2*f - 28. Let s(i) be the third derivative of -i**5/60 - 5*i**4/24 + i**3/3 - 2*i**2. Give s(f).
6
Let j(x) = -x**2 + 7*x - 1. Let d be j(4). Let b(m) = -3*m + 84. Let a be b(27). Let s(k) = -10*k**2 + d*k + 10 - k - 17 + k**a. Determine s(9).
2
Suppose -7*o - 34 = 5*s - 6*o, -s - 2*o - 14 = 0. Let v(j) = 3*j - 1 + j**2 - 3 + 0. Calculate v(s).
14
Let x(j) = -70*j**3 - j - 6 + 69*j**3 - 4*j**2 + 10*j**2. Give x(6).
-12
Let x(h) be the second derivative of -1/2*h**2 - 2*h + 0 + 2/3*h**3. Let n(q) = 2*q + 20. Let s be n(-8). Give x(s).
15
Let i(b) be the first derivative of 7*b + 3/2*b**2 - 2. Let d be 2/(-4) + (-270)/60. Determine i(d).
-8
Let n = -21 - -24. Let i = 3 - n. Let f(z) be the first derivative of -z**3/3 + z**2/2 + 6*z - 3. Give f(i).
6
Let f(h) be the second derivative of -h**5/20 - 3*h**4/2 - 3*h**3 - 19*h**2/2 - 38*h. Give f(-17).
-2
Let m be (-4)/10 + 126/(-35). Let c(s) = s**2 + 3*s. Let p be c(m). Let g(i) = p - i**2 + 5 + i - 2. Calculate g(0).
7
Let g(x) = 3*x**3 + 3*x**2 - 7*x - 2. Let l(d) = 4*d**3 + 2*d**2 - 7*d - 3. Suppose 0*y - 4 = -2*y. Let q(c) = y*l(c) - 3*g(c). Determine q(-6).
-6
Let r(a) be the second derivative of 0 - 1/12*a**4 - 3/2*a**3 + 0*a**2 + 13*a. Give r(-9).
0
Let l = 13 - 3. Suppose 5*y = l - 30. Let v(s) = -s - 3. What is v(y)?
1
Let s(l) be the third derivative of l**5/60 + l**4/6 + 4*l**3/3 - 78*l**2. Calculate s(-4).
8
Let l(c) = -11*c - 3*c**2 + 3*c - 2 + 9*c + 3. Let i(h) = -h**3 + 8*h**2 - 9*h + 16. Let y be i(7). What is l(y)?
-9
Let n = -8 - -11. Let r(d) = 2*d**2 - 3*d - 3. Let m(o) be the first derivative of -o**3 + 3*o**2 + 7*o - 198. Let c(i) = n*m(i) + 5*r(i). Determine c(-4).
10
Let u(a) be the second derivative of 13*a**5/20 + a**3/6 + a**2/2 + a. Let o be 4/6*18/(-12). Give u(o).
-13
Let b(h) = h - 5. Suppose 15*v - 34 = -124. What is b(v)?
-11
Let v(h) be the second derivative of -5*h**3/6 - 5*h**2/2 - 18*h. Let s(l) = 11*l + 11. Let z(r) = -2*s(r) - 5*v(r). Let k = 3 - 5. What is z(k)?
-3
Let y(x) be the first derivative of 0*x + 1/2*x**2 + 2/3*x**3 - 3. Let w = 340 + -338. Determine y(w).
10
Let m(k) be the second derivative of k**5/20 + 7*k**4/12 - 7*k**2 - 31*k - 5. Determine m(-7).
-14
Let f(h) = h + 3. Let g(x) = x**2. Suppose 6*j + 2 = -4*k + 3*j, 5*k + 4*j + 2 = 0. Let a be g(k). Let s be 427/(-63) - a/18. Calculate f(s).
-4
Let s(a) be the third derivative of -a**5/5 + a**3/6 - 236*a**2. What is s(1)?
-11
Let z(p) be the second derivative of 1/360*p**6 - 1/3*p**4 + 0*p**2 + 0 - 1/120*p**5 - 2*p + 0*p**3. Let h(r) be the third derivative of z(r). What is h(2)?
3
Let v be 18/(-2)*(-7)/(-21). Let q be 0/(-3) - (-2 - v). Let r(k) = -k + 1. Let c(p) = p**3 + 2*p**2 - 2*p - 11. Let h(t) = q*c(t) - 5*r(t). What is h(-4)?
10
Let k(h) = 2*h**2 + 17*h - 5. Let v be k(-9). Let f(t) be the third derivative of 4*t**2 - 1/24*t**4 - 2/3*t**3 + 0 + 0*t. Calculate f(v).
-8
Let a(k) be the second derivative of k**6/90 + k**5/120 - k**4/24 - 2*k**3/3 + 21*k. Let p(w) be the second derivative of a(w). Give p(1).
4
Let w(o) =